60?
True
Is 31099409 a multiple of 22?
False
Is 190 a factor of 162188940?
True
Is 274 a factor of 116764073?
False
Is 216133626 a multiple of 114?
True
Does 40 divide 244162600?
True
Does 75 divide 554889644?
False
Does 206 divide 182597576?
True
Does 11 divide 493116408?
False
Does 31 divide 277615237?
False
Is 6 a factor of 4059906?
True
Is 92 a factor of 48234292?
False
Does 629 divide 204624393?
True
Does 4 divide 226132604?
True
Does 49 divide 69656832?
True
Is 12078135 a multiple of 103?
False
Is 24 a factor of 747303365?
False
Is 2379 a factor of 6102135?
True
Is 41 a factor of 8418206?
False
Is 469076015 a multiple of 6?
False
Does 16 divide 32270592?
True
Does 314 divide 48794030?
True
Is 161887269 a multiple of 11?
False
Does 774 divide 403617780?
True
Is 599289950 a multiple of 329?
True
Is 338 a factor of 18393960?
True
Is 41 a factor of 356202178?
True
Is 184 a factor of 12389698?
False
Is 40028625 a multiple of 119?
True
Does 14 divide 266277518?
False
Does 8 divide 114000592?
True
Is 102 a factor of 710800851?
False
Is 8 a factor of 83143315?
False
Is 204 a factor of 375686397?
False
Is 2258331822 a multiple of 43?
False
Does 27 divide 98763440?
False
Is 111 a factor of 48885510?
True
Is 234 a factor of 36141534?
True
Does 82 divide 40377210?
True
Is 643632 a multiple of 253?
True
Does 40 divide 125371955?
False
Is 6 a factor of 2204405568?
True
Is 2124991232 a multiple of 2512?
True
Is 19 a factor of 2342427440?
False
Does 6197 divide 411226723?
True
Is 2342 a factor of 388683004?
True
Does 40 divide 2229430040?
True
Is 1428671205 a multiple of 117?
True
Is 18 a factor of 33312978?
True
Is 216179507 a multiple of 817?
False
Is 10 a factor of 1350498073?
False
Is 4572 a factor of 1251355020?
False
Does 20 divide 27092040?
True
Is 94336219 a multiple of 62?
False
Does 24 divide 87395636?
False
Does 1811 divide 233633488?
True
Is 96694099 a multiple of 16?
False
Is 11626452 a multiple of 4?
True
Does 64 divide 124764604?
False
Is 189914700 a multiple of 100?
True
Does 132 divide 79425588?
True
Is 24655800 a multiple of 75?
True
Is 152254056 a multiple of 86?
True
Does 100 divide 20125572?
False
Is 658 a factor of 33444824?
True
Is 18268238 a multiple of 62?
True
Does 46 divide 10539662?
False
Is 3344 a factor of 44756819?
False
Does 23 divide 3061963990?
False
Does 115 divide 229274580?
True
Does 791 divide 863484?
False
Is 14992232 a multiple of 3?
False
Is 72 a factor of 639337595?
False
Does 71 divide 2607120?
True
Is 623 a factor of 2148152159?
False
Does 12 divide 28520496?
True
Is 302 a factor of 164304319?
False
Does 138 divide 6509322?
True
Is 16220168 a multiple of 525?
False
Does 11 divide 460496740?
True
Does 336 divide 57480348?
False
Does 5 divide 14036781?
False
Does 358 divide 108062980?
False
Is 436 a factor of 17712423?
False
Is 262 a factor of 119653071?
False
Does 44 divide 461470949?
False
Is 23 a factor of 2048144940?
True
Does 122 divide 4547906362?
True
Does 8 divide 253251544?
True
Is 7387341 a multiple of 92?
False
Is 67429898 a multiple of 2405?
False
Is 15325365 a multiple of 210?
False
Does 5824 divide 898476536?
False
Is 20077829 a multiple of 431?
False
Is 24 a factor of 6341289?
False
Is 1282 a factor of 1335539142?
False
Is 1986139920 a multiple of 1292?
True
Is 15551190 a multiple of 135?
True
Is 14 a factor of 7712712?
True
Is 118 a factor of 20047385?
False
Is 127 a factor of 25408190?
False
Does 84 divide 7632408?
True
Is 5317 a factor of 814849858?
False
Is 39 a factor of 78477984?
True
Is 397 a factor of 2620984192?
False
Does 60 divide 479086800?
True
Does 437 divide 25819271?
True
Is 4 a factor of 98075984?
True
Is 141035405 a multiple of 27?
False
Is 5 a factor of 982680658?
False
Is 29430231 a multiple of 255?
False
Is 18889555 a multiple of 115?
True
Does 2491 divide 49156929?
False
Is 8 a factor of 200008?
True
Is 24523647 a multiple of 61?
True
Is 13 a factor of 60877183?
False
Is 33 a factor of 917969613?
True
Is 59640241 a multiple of 96?
False
Is 395 a factor of 432760661?
False
Is 241252788 a multiple of 217?
True
Is 1446948 a multiple of 51?
False
Is 33 a factor of 35020513?
False
Is 151727664 a multiple of 737?
True
Is 36546356 a multiple of 644?
True
Does 203 divide 87180380?
True
Is 354 a factor of 31456440?
True
Is 94 a factor of 7356503?
False
Is 119837080 a multiple of 22?
True
Is 8778713 a multiple of 12?
False
Is 14201889 a multiple of 241?
True
Is 56129238 a multiple of 859?
False
Is 268 a factor of 177692040?
True
Is 6847 a factor of 698873290?
True
Does 16 divide 482682014?
False
Does 3509 divide 667670306?
False
Is 289226419 a multiple of 19?
False
Does 8871 divide 4152018324?
True
Does 17 divide 94300870?
True
Is 39912855 a multiple of 285?
False
Does 559 divide 1714834?
False
Does 3 divide 809950458?
True
Is 43301851 a multiple of 68?
False
Does 3 divide 31115180?
False
Is 2697384 a multiple of 1336?
True
Is 370 a factor of 10316340?
True
Does 36 divide 7670880?
True
Is 494845514 a multiple of 667?
False
Does 225 divide 498227323?
False
Is 3 a factor of 22715019?
True
Does 4 divide 64494224?
True
Is 75834629 a multiple of 13?
True
Does 387 divide 33428673?
True
Does 19 divide 4713330?
True
Does 26 divide 130565760?
True
Is 14 a factor of 37021484?
False
Is 733 a factor of 351592979?
True
Does 275 divide 1460250?
True
Is 563 a factor of 171395596?
False
Does 519 divide 503706108?
True
Does 38 divide 1366817?
False
Is 4502271872 a multiple of 448?
True
Is 12 a factor of 116980649?
False
Is 165304770 a multiple of 698?
False
Is 224 a factor of 84015456?
True
Does 45 divide 2033190?
True
Is 1145371661 a multiple of 1114?
False
Is 9799422 a multiple of 6?
True
Is 78270696 a multiple of 28?
True
Does 152 divide 2617398352?
True
Is 14 a factor of 8772536642?
False
Is 4360 a factor of 15973763?
False
Does 1342 divide 805616020?
True
Is 491258460 a multiple of 791?
True
Does 6 divide 20062362?
True
Is 165 a factor of 15673350?
True
Is 32672566 a multiple of 1429?
False
Does 17 divide 279933929?
False
Does 104 divide 99760232?
True
Is 31 a factor of 97897372?
False
Is 8180060672 a multiple of 56?
True
Is 130224036 a multiple of 82?
True
Does 3712 divide 1621275392?
True
Is 75968970 a multiple of 110?
True
Is 2133 a factor of 1595879883?
False
Does 832 divide 15922816?
True
Is 133 a factor of 69635927?
False
Does 460 divide 25371207?
False
Is 1934 a factor of 18071025?
False
Does 8447 divide 3896370409?
False
Is 1564160608 a multiple of 43?
False
Is 330254289 a multiple of 547?
False
Is 321 a factor of 2509889773?
False
Is 293 a factor of 429027729?
False
Is 14 a factor of 9056978?
True
Is 65197212 a multiple of 125?
False
Is 64744359 a multiple of 579?
True
Is 1936050304 a multiple of 10?
False
Does 2951 divide 2923766186?
False
Is 18899576 a multiple of 8?
True
Does 3 divide 29366896?
False
Is 26036978 a multiple of 38?
False
Is 3620 a factor of 575887700?
True
Is 7511852 a multiple of 13?
False
Is 20 a factor of 181753936?
False
Is 4355 a factor of 2256126357?
False
Is 46 a factor of 171604443?
False
Does 640 divide 65948806?
False
Is 105 a factor of 4043658?
False
Is 114420369 a multiple of 1124?
False
Is 230 a factor of 971113590?
True
Is 208213565 a multiple of 132?
False
Does 9 divide 6076650?
False
Is 74097881 a multiple of 23?
True
Is 65575783 a multiple of 391?
True
Is 7882053714 a multiple of 3634?
False
Is 3499 a factor of 49202938?
True
Is 115 a factor of 6162624?
False
Is 19 a factor of 4906712461?
False
Does 1576 divide 19821352?
True
Is 1646 a factor of 500774102?
True
Is 4565 a factor of 1806992042?
False
Is 455 a factor of 234708110?
True
Does 12 divide 3639804?
True
Is 42217854 a multiple of 1142?
False
Does 783 divide 235677532?
False
Is 14466536 a multiple of 28?
True
Is 266 a factor of 243823580?
True
Does 4 divide 790909673?
False
Does 181 divide 32985440?
True
Is 72480402 a multiple of 342?
True
Is 488 a factor of 38147985?
False
Is 11 a factor of 43791451?
True
Is 8816667 a multiple of 19?
False
Is 106089328 a multiple of 144?
False
Is 241457544 a multiple of 1236?
True
Is 92 a factor of 102482693?
False
Does 28 divide 18900878?
False
Is 256262523 a multiple of 57?
False
Does 583 divide 28600231?
True
Does 14 divide 296220685?
False
Is 1199636892 a